 555283 a composite number?
True
Is 2813695 a composite number?
True
Is 1418163 prime?
False
Is 7871 a composite number?
True
Is 7717 a composite number?
False
Is 14417 a composite number?
True
Is 557 a composite number?
False
Is 20527 a composite number?
True
Is 10211 a composite number?
False
Is 13021 a prime number?
False
Is 832801 prime?
True
Is 178921 a prime number?
True
Is 33643 a composite number?
True
Is 20789 prime?
True
Is 3283237 a composite number?
False
Is 4357 composite?
False
Is 30161 a composite number?
False
Is 982 a composite number?
True
Is 16741 a composite number?
False
Is 2465259 composite?
True
Is 653761 composite?
False
Is 9961 composite?
True
Is 184553 a prime number?
True
Is 98051 a prime number?
False
Is 11351 a composite number?
False
Is 44351 prime?
True
Is 11863 a prime number?
True
Is 41129 a prime number?
False
Is 2173 a composite number?
True
Is 573 a composite number?
True
Is 20017 a composite number?
True
Is 198931 composite?
True
Is 15427 prime?
True
Is 59507 composite?
True
Is 27989 prime?
False
Is 6239 prime?
False
Is 2183 prime?
False
Is 3265 composite?
True
Is 20911 a composite number?
True
Is 50669 prime?
False
Is 67619 composite?
False
Is 27658 a prime number?
False
Is 5261 a prime number?
True
Is 1982 composite?
True
Is 426889 prime?
True
Is 4583 prime?
True
Is 5807 a composite number?
False
Is 4307 composite?
True
Is 348769 a composite number?
False
Is 65053 a composite number?
False
Is 544097 a composite number?
False
Is 769 composite?
False
Is 153041 a prime number?
False
Is 6197 composite?
False
Is 1047517 composite?
True
Is 261133 composite?
True
Is 232381 composite?
False
Is 1994 a composite number?
True
Is 646319 a prime number?
False
Is 42863 composite?
False
Is 2251 a composite number?
False
Is 4258 composite?
True
Is 2609 composite?
False
Is 20219 composite?
False
Is 6599 a prime number?
True
Is 21419 prime?
True
Is 13963 composite?
False
Is 195823 a composite number?
True
Is 4413 a composite number?
True
Is 74377 composite?
False
Is 34971 a prime number?
False
Is 7993 a prime number?
True
Is 121777 a prime number?
False
Is 43939 a prime number?
False
Is 5201 a prime number?
False
Is 1219 prime?
False
Is 52361 prime?
True
Is 24437 prime?
False
Is 4889 prime?
True
Is 220043 composite?
True
Is 1339729 prime?
True
Is 12531 a composite number?
True
Is 1760621 composite?
True
Is 1298027 a composite number?
False
Is 44953 prime?
True
Is 101939 prime?
True
Is 3113 a composite number?
True
Is 227207 prime?
True
Is 9967 a composite number?
False
Is 186349 composite?
True
Is 3491 composite?
False
Is 983953 a prime number?
False
Is 64427 prime?
False
Is 735437 prime?
False
Is 223903 composite?
False
Is 6159 composite?
True
Is 5501 prime?
True
Is 1689451 composite?
False
Is 1159505 prime?
False
Is 468421 composite?
False
Is 28453 a composite number?
True
Is 6096309 a prime number?
False
Is 46 prime?
False
Is 688939 prime?
True
Is 22009 composite?
True
Is 101407 composite?
True
Is 3433 a prime number?
True
Is 1243 prime?
False
Is 33119 a prime number?
True
Is 40577 a composite number?
False
Is 68137 a composite number?
True
Is 24763 a prime number?
True
Is 397 composite?
False
Is 2521 composite?
False
Is 45817 a composite number?
False
Is 144953 a composite number?
True
Is 383459 a prime number?
True
Is 501563 a composite number?
False
Is 99923 a prime number?
True
Is 67247 a composite number?
False
Is 130373 composite?
True
Is 123863 prime?
True
Is 94897 a composite number?
True
Is 3101 a prime number?
False
Is 50207 a prime number?
True
Is 8665 a composite number?
True
Is 998061 composite?
True
Is 22361 a composite number?
True
Is 121123 a prime number?
True
Is 198091 prime?
True
Is 11541073 a composite number?
False
Is 243517 a prime number?
True
Is 23849 composite?
True
Is 84685 composite?
True
Is 7069 a prime number?
True
Is 7069 prime?
True
Is 233141 prime?
True
Is 41551 composite?
True
Is 8654 prime?
False
Is 161643 composite?
True
Is 40159 a prime number?
False
Is 19841 composite?
False
Is 293 prime?
True
Is 269683 prime?
True
Is 771427 composite?
False
Is 292711 a composite number?
False
Is 1151 a prime number?
True
Is 9229 a prime number?
False
Is 250619 prime?
True
Is 16123 prime?
False
Is 585839 a composite number?
False
Is 38411 prime?
False
Is 32099 composite?
False
Is 904699 prime?
False
Is 22123 a composite number?
False
Is 1814 composite?
True
Is 2129 prime?
True
Is 129841 a composite number?
False
Is 63469 a composite number?
True
Is 13341 composite?
True
Is 425299 a composite number?
True
Is 4285 a prime number?
False
Is 49971 a composite number?
True
Is 9257 a composite number?
False
Is 657863 a composite number?
False
Is 14621 a composite number?
False
Is 1220099 composite?
False
Is 183661 composite?
False
Is 1247 a composite number?
True
Is 909071 a prime number?
True
Is 398723 a composite number?
True
Is 51769 a prime number?
True
Is 2591 a composite number?
False
Is 356621 a prime number?
True
Is 2943043 a composite number?
True
Is 108001 prime?
False
Is 3831379 composite?
False
Is 149639 a composite number?
True
Is 632701 prime?
False
Is 2999 composite?
False
Is 8297 a composite number?
False
Is 55369 a composite number?
True
Is 24151 a composite number?
False
Is 73105 composite?
True
Is 1975991 prime?
True
Is 19517 composite?
True
Is 211619 prime?
True
Is 1048105 prime?
False
Is 411181 composite?
True
Is 718 composite?
True
Is 5501 prime?
True
Is 614 a prime number?
False
Is 1774 a prime number?
False
Is 2141707 prime?
True
Is 52237 prime?
True
Is 3054145 a prime number?
False
Is 47491 a prime number?
True
Is 701509 a composite number?
False
Is 3560533 composite?
True
Is 111337 a composite number?
False
Is 18077 prime?
True
Is 2153 composite?
False
Is 9791 a prime number?
True
Is 2459 composite?
False
Is 419 composite?
False
Is 2927 composite?
False
Is 260483 a composite number?
False
Is 318169 prime?
False
Is 1454459 prime?
True
Is 523403 a composite number?
False
Is 1361 prime?
True
Is 2819 a prime number?
True
Is 5209 composite?
False
Is 6449 prime?
True
Is 169817 a prime number?
True
Is 2447 composite?
False
Is 1486051 a composite number?
True
Is 100907 prime?
True
Is 299933 a composite number?
False
Is 862 composite?
True
Is 51089 a composite number?
True
Is 22985 a prime number?
False
Is 17326 prime?
False
Is 1987 a composite number?
False
Is 117281 a prime number?
True
Is 133241 prime?
True
Is 88337 prime?
True
Is 673313 a composite number?
False
Is 19883 prime?
False
Is 15107 a prime number?
True
Is 68293 prime?
False
Is 35521 prime?
True
Is 7817 composite?
False
Is 597923 a prime number?
True
Is 44995 a prime number?
False
Is 63982 a composite number?
True
Is 4387 a prime number?
False
Is 15221 composite?
True
Is 41809 a prime number?
True
Is 27049 a prime number?
False
Is 69899 prime?
True
Is 24711 a composite number?
True
Is 143053 a prime number?
True
Is 75427 composite?
True
Is 110291 composite?
False
Is 1559 a composite number?
False
Is 161033 prime?
True
Is 271517 a composite number?
False
Is 1049039 composite?
False
Is 83245 prime?
False
Is 841 a composite number?
True
Is 108838 composite?
True
Is 8461 a composite number?
False
Is 9899 a prime number?
False
Is 20543 prime?
True
Is 13537 composite?
False
Is 4593 composite?
True
Is 481 composite?
True
Is 502 composite?
True
Is 82357 composite?
True
Is 2899 composite?
True
Is 20089 composite?
False
Is 12853 composite?
False
Is 29819 a composite number?
False
Is 38827 a composite number?
True
Is 9293 a prime number?
True
Is 1921 a composite number?
True
Is 1010557 a composite number?
True
Is 9727 prime?
False
Is 1931 a composite number?
False
Is 62459 a prime number?
True
Is 134327 composite?
False
Is 16859 prime?
False
Is 332119 a prime number?
False
Is 317 a prime number?
True
Is 3659 a composite number?
False
Is 113621 a composite number?
False
Is 3967 prime?
True
Is 161869 composite?
False
Is 1969 composite?
True
Is 202885 composite?
True
Is 235211 a composite number?
False
Is 3503 a prime number?
False
Is 273891 a prime number?
False
Is 41011 composite?
False
Is 18787 prime?
True
Is 16847 composite?
True
Is 4119 prime?
False
Is 5489 a composite number?
True
Is 61631 a composite number?
False
Is 66617 compo